2
In base 13, what is a61169 + -2?
a61167
In base 16, what is f0e6e + 6?
f0e74
In base 13, what is 3 + 2920242?
2920245
In base 13, what is -711 - 5400b?
-5471c
In base 3, what is 1111100111202021 - -2?
1111100111202100
In base 6, what is -334 + -2334?
-3112
In base 2, what is -1011000111001111111110011 - 1?
-1011000111001111111110100
In base 15, what is -489 - -8ec3?
8a39
In base 13, what is -469b + -120?
-47bb
In base 15, what is 89d + 68?
916
In base 6, what is -1202334151 + 0?
-1202334151
In base 7, what is 122456 + 132?
122621
In base 3, what is -1102120201212 + -11012?
-1102120220001
In base 14, what is 14ddc - -cd4?
15cd2
In base 13, what is 1069 - -a705b?
a80c7
In base 13, what is 0 + 75c396?
75c396
In base 5, what is -2043124404 - -104?
-2043124300
In base 13, what is 3 + 23b5052?
23b5055
In base 14, what is 31a7060b + 3?
31a70610
In base 6, what is 421542531 - -3?
421542534
In base 3, what is 111101 - 2001102002?
-2000220201
In base 4, what is 22203 - -22223213?
22312022
In base 16, what is 1e - 183ec97?
-183ec79
In base 12, what is -15 + b5b59?
b5b44
In base 9, what is -42555 - 5603?
-48258
In base 7, what is -5445322 - -54?
-5445235
In base 2, what is -11010001110111 - -110101101?
-11001011001010
In base 16, what is -103 - 3ae70?
-3af73
In base 3, what is 122120100121011 - -11?
122120100121022
In base 10, what is -4 + 237078?
237074
In base 15, what is -6 + -111a2c0?
-111a2c6
In base 14, what is -341d - 13028?
-16447
In base 4, what is 322 - -1132231022?
1132232010
In base 14, what is 6 - 2291d04?
-2291cdc
In base 3, what is -22212100121 + -1120001?
-22220220122
In base 14, what is 5709c - -6?
570a4
In base 6, what is -2 + -532100545?
-532100551
In base 12, what is 2111451 + 6?
2111457
In base 16, what is -aa3 - -5c28?
5185
In base 13, what is -4 - -366ccc1?
366ccba
In base 3, what is -12 + 10211222111122022?
10211222111122010
In base 2, what is -100010000110101 + -100010010?
-100010101000111
In base 5, what is -1121302 - -232441?
-333311
In base 13, what is 352a02 - -26?
352a28
In base 15, what is eb2 - 1b0c8?
-1a116
In base 14, what is -3917763b - -1?
-3917763a
In base 3, what is 1 + -102202021122001102?
-102202021122001101
In base 11, what is 8 + 2935a834?
2935a841
In base 10, what is 6306 + -23493?
-17187
In base 5, what is 1 - -443112201?
443112202
In base 4, what is 221 + 21212231232?
21212232113
In base 7, what is -31450015322 - 1?
-31450015323
In base 10, what is 53510 - 41?
53469
In base 9, what is -55433136 + -7?
-55433144
In base 15, what is 4 - 15d5d1?
-15d5cc
In base 15, what is 3b99b + 164?
3bb10
In base 5, what is -101133 - 123?
-101311
In base 12, what is -1a67687 + 3?
-1a67684
In base 2, what is -11 - -1010011100000011011?
1010011100000011000
In base 12, what is 7560 + 17318?
22878
In base 14, what is 11251 - -143a?
1268b
In base 3, what is 22220022210 - 20121?
22220002012
In base 3, what is 12002100011 + -1010002?
12001020002
In base 10, what is 3 - 328540205?
-328540202
In base 5, what is -13 + 10410013113?
10410013100
In base 13, what is -1c56a47 + -b?
-1c56a55
In base 3, what is 1012122100010 + 20?
1012122100100
In base 4, what is 312120 - 12330233?
-12012113
In base 7, what is 51113534 + -31?
51113503
In base 6, what is 4 - 4334055151?
-4334055143
In base 9, what is -572 + 80846?
80264
In base 6, what is -53100202 + -4?
-53100210
In base 7, what is -4 + 4253310543?
4253310536
In base 14, what is -3ab9 - d84?
-4a5d
In base 2, what is 1010111011001110011000000110 + -110?
1010111011001110011000000000
In base 3, what is -10100221011112 + -2?
-10100221011121
In base 2, what is 110001111010011 - -10111111?
110010010010010
In base 11, what is -14 - -3675480?
3675467
In base 2, what is -11101001100001111 + 1000111001?
-11101000011010110
In base 11, what is -46 - -947426?
947390
In base 12, what is -27 + -3a9a41?
-3a9a68
In base 14, what is 1c06dc0 + 5?
1c06dc5
In base 9, what is 8 + 2683266?
2683275
In base 11, what is 2 - -3409a64a?
3409a651
In base 16, what is -1503 + 48f?
-1074
In base 5, what is 10 - -121012042444?
121012043004
In base 6, what is -33153 + 225?
-32524
In base 14, what is 2d9 + -5a2c?
-5733
In base 10, what is -373011172 - 4?
-373011176
In base 13, what is -162a0249 + 1?
-162a0248
In base 8, what is 6 + -2310466?
-2310460
In base 14, what is -27db7 - -2a?
-27d8b
In base 8, what is 136161 + 2?
136163
In base 12, what is 1054b7 - -2b5?
1057b0
In base 4, what is 3201303230 - -100?
3201303330
In base 13, what is 10154b5 + -5?
10154b0
In base 8, what is -57040 - 603?
-57643
In base 13, what is 144 - 21624b?
-216107
In base 14, what is -397c63 - -ab?
-397b96
In base 10, what is 688 - 2073?
-1385
In base 13, what is -1 + 323302?
323301
In base 6, what is 51 + -1344512?
-1344421
In base 13, what is -41 + 923abc?
923a7b
In base 11, what is 9 - 375230?
-375222
In base 14, what is -1 + 1b559dd?
1b559dc
In base 12, what is 45b6 - 946?
3870
In base 3, what is 211200112211 + 2010?
211200121221
In base 6, what is -4 + 243101233?
243101225
In base 4, what is 123 - -131031033223?
131031100012
In base 6, what is -5050321 + 2523?
-5043354
In base 4, what is -10 + -20222030110111?
-20222030110121
In base 15, what is -39bda + 1e?
-39bbb
In base 11, what is 8a71 - 795?
8287
In base 8, what is -235742 - -1447?
-234273
In base 3, what is -111222 + -10211111020011?
-10211111202010
In base 11, what is -70054 - -196?
-6a969
In base 4, what is 2 - 130101023101?
-130101023033
In base 3, what is 2010 - -1122202111?
1122211121
In base 11, what is -1 + 47651a3?
47651a2
In base 5, what is -2210213214133 + -1?
-2210213214134
In base 16, what is -43 - -c6f0?
c6ad
In base 16, what is -2d1911f + -9?
-2d19128
In base 14, what is 15a7399 + 4?
15a739d
In base 2, what is -100101000011101 - -1101010111011?
-10111101100010
In base 5, what is 10444010031 + -34?
10444004442
In base 15, what is 9e + 1e6de2?
1e6e91
In base 11, what is -11389a55 + -3?
-11389a58
In base 8, what is -7267250 + -5?
-7267255
In base 2, what is -110001101000 + -1101000001000010?
-1101110010101010
In base 6, what is 241134 - -1003?
242141
In base 10, what is -6137 - -22288?
16151
In base 8, what is 0 + 20713435?
20713435
In base 2, what is 1011111011001101100111 + -10111?
1011111011001101010000
In base 13, what is -7 + 220b252?
220b248
In base 8, what is -53240 - 22035?
-75275
In base 14, what is 595a + -61?
58d9
In base 5, what is -31123 + -1211313?
-1242441
In base 11, what is -26 + 136630?
136605
In base 3, what is -10102101 - 102011111?
-112120212
In base 14, what is -37 - 48d03?
-48d3a
In base 8, what is -70 + 224677?
224607
In base 16, what is -2c403 - -235?
-2c1ce
In base 6, what is -2423 - -435400?
432533
In base 4, what is -12 - -100120230311003?
100120230310331
In base 6, what is -5510304 - 21?
-5510325
In base 6, what is -203540413 - -1410?
-203535003
In base 13, what is -1a8248 - 5?
-1a8250
In base 9, what is 4607443 - 14?
4607428
In base 10, what is 65522 - -22?
65544
In base 11, what is -3356a - 32a?
-33899
In base 11, what is 19900a02 - 5?
199009a8
In base 14, what is 12 - -21201?
21213
In base 7, what is -2332 - 1352552?
-1355214
In base 5, what is -1 + -3240303433?
-3240303434
In base 8, what is 3104 + 622?
3726
In base 7, what is 406 - 22562?
-22153
In base 16, what is bc11 - -28?
bc39
In base 12, what is 88a20 - 22?
889ba
In base 12, what is 664 + -a38b?
-9927
In base 16, what is -c05dd - 40?
-c061d
In base 12, what is 402 + -680?
-27a
In base 2, what is -1011111001100110100001101 - 1000?
-1011111001100110100010101
In base 7, what is -1021664 + -1640?
-1023634
In base 15, what is -18 + ecb50?
ecb37
In base 10, what is 2129186 + 153?
2129339
In base 4, what is 1111030 + -1012020?
33010
In base 16, what is -4c3cbfc + 2?
-4c3cbfa
In base 2, what is -100010101000011100 - 110011?
-100010101001001111
In base 11, what is -117a8127 + -3?
-117a812a
In base 16, what is -253623 + -9?
-25362c
In base 8, what is -10415 - -75412?
64775
In base 15, what is 1c1 - 46689?
-464b8
In base 11, what is -4556a + 2135?
-43435
In base 7, what is 130 - -1456606?
1460036
In base 15, what is b2d3 - -12?
b2e5
In base 7, what is 2153061260 + -2?
2153061255
In base 5, what is 130 - 2321102140?
-2321102010
In base 7, what is 22625051 + -42?
22625006
In base 3, what is 211022011